f 30091789.
7, 13, 330679
List the prime factors of 167424831.
3, 7, 31, 59, 1453
What are the prime factors of 65409656?
2, 13, 628939
List the prime factors of 6320845434.
2, 3, 157, 6710027
List the prime factors of 2257027305.
3, 5, 13, 101, 114599
What are the prime factors of 4216207604?
2, 7, 17, 239, 37061
What are the prime factors of 5528680770?
2, 3, 5, 131, 1406789
What are the prime factors of 16797095?
5, 7, 47, 10211
List the prime factors of 84565787.
79, 1070453
List the prime factors of 1399339192.
2, 174917399
What are the prime factors of 47427375?
3, 5, 126473
List the prime factors of 426863629.
4597, 92857
List the prime factors of 345286.
2, 172643
List the prime factors of 1438912527.
3, 13, 36895193
What are the prime factors of 3432915532?
2, 47, 18260189
List the prime factors of 840111622.
2, 7, 197, 304609
List the prime factors of 332074062.
2, 3, 101, 182659
List the prime factors of 4795801096.
2, 19, 197, 160159
What are the prime factors of 66667599?
3, 19, 37, 41, 257
What are the prime factors of 697821397?
7, 13, 1095481
What are the prime factors of 78805719?
3, 701, 12491
What are the prime factors of 662578743?
3, 131, 1685951
What are the prime factors of 1288315557?
3, 257, 401, 463
What are the prime factors of 196168034?
2, 98084017
List the prime factors of 66089124.
2, 3, 1835809
What are the prime factors of 6780007?
13, 521539
What are the prime factors of 30206402?
2, 15103201
List the prime factors of 225745115.
5, 23, 1963001
What are the prime factors of 117058379?
17, 1187, 5801
List the prime factors of 307381354.
2, 7, 19, 1155569
What are the prime factors of 51449875?
5, 41, 10039
List the prime factors of 12195568.
2, 7, 11, 19, 521
What are the prime factors of 97129777?
47, 157, 13163
List the prime factors of 78012697.
7, 29, 384299
List the prime factors of 160590118.
2, 13, 1093, 5651
What are the prime factors of 1283413110?
2, 3, 5, 7, 23, 265717
List the prime factors of 73145094.
2, 3, 11, 1108259
What are the prime factors of 6247351079?
1559, 4007281
List the prime factors of 67572444.
2, 3, 5631037
List the prime factors of 249221865.
3, 5, 31, 193, 2777
List the prime factors of 50239506.
2, 3, 1063, 7877
What are the prime factors of 232550484?
2, 3, 719, 26953
What are the prime factors of 189613705?
5, 37922741
List the prime factors of 711213433.
7, 1553, 65423
What are the prime factors of 62218375?
5, 193, 2579
What are the prime factors of 1488378380?
2, 5, 74418919
List the prime factors of 786380089.
11, 590819
List the prime factors of 1095328079.
41, 26715319
What are the prime factors of 433073299?
823, 526213
List the prime factors of 249674788.
2, 11, 515857
List the prime factors of 285581.
347, 823
List the prime factors of 62275712.
2, 107, 4547
What are the prime factors of 508503962?
2, 254251981
What are the prime factors of 17115316?
2, 4278829
What are the prime factors of 64085315?
5, 7, 1831009
What are the prime factors of 145409988?
2, 3, 71, 170669
What are the prime factors of 269829349?
269829349
What are the prime factors of 24579946?
2, 661, 18593
What are the prime factors of 1881578900?
2, 5, 631, 29819
What are the prime factors of 2275781000?
2, 5, 23, 98947
List the prime factors of 69710278.
2, 11, 19, 15161
What are the prime factors of 61919461?
19, 3258919
What are the prime factors of 134796546?
2, 3, 743, 10079
List the prime factors of 249891743.
19, 2339, 5623
List the prime factors of 203332918.
2, 103, 987053
What are the prime factors of 1611813495?
3, 5, 3613, 29741
List the prime factors of 479735852.
2, 17, 73, 96643
What are the prime factors of 1249537681?
7, 137, 26591
What are the prime factors of 479627356?
2, 13, 9223603
List the prime factors of 1964110459.
181, 10851439
What are the prime factors of 574132744?
2, 71766593
List the prime factors of 3891729690.
2, 3, 5, 353, 122497
What are the prime factors of 389277261?
3, 31, 157, 8887
List the prime factors of 111820135.
5, 7, 17, 23, 8171
What are the prime factors of 307591063?
13, 103, 229717
What are the prime factors of 20053984?
2, 626687
List the prime factors of 133084083.
3, 11, 4032851
List the prime factors of 175813543.
193, 227, 4013
List the prime factors of 4643471251.
37, 1787, 70229
What are the prime factors of 74500253?
337, 221069
What are the prime factors of 5112782946?
2, 3, 17, 16708441
List the prime factors of 443631055.
5, 7, 258677
List the prime factors of 50597580.
2, 3, 5, 11, 31, 2473
List the prime factors of 387599505.
3, 5, 25839967
List the prime factors of 7094540.
2, 5, 354727
What are the prime factors of 57644446?
2, 37, 778979
What are the prime factors of 22453026?
2, 3, 53, 70607
What are the prime factors of 47729641?
47729641
List the prime factors of 38393553.
3, 11, 1163441
What are the prime factors of 2468742894?
2, 3, 45717461
List the prime factors of 16547558.
2, 8273779
What are the prime factors of 93988823?
419, 224317
List the prime factors of 1053880564.
2, 11, 41, 523, 1117
List the prime factors of 86790455.
5, 2371, 7321
List the prime factors of 293786011.
293786011
List the prime factors of 9749751.
3, 11, 439, 673
What are the prime factors of 520795103?
421, 1237043
What are the prime factors of 268910353?
268910353
List the prime factors of 58377707.
58377707
What are the prime factors of 1855595527?
727, 1223, 2087
List the prime factors of 235584974.
2, 2887, 40801
List the prime factors of 1154890097.
16333, 70709
What are the prime factors of 104849768?
2, 2137, 6133
What are the prime factors of 2039775558?
2, 3, 97, 3504769
List the prime factors of 209175635.
5, 401, 104327
List the prime factors of 55044341.
11, 5004031
List the prime factors of 175808977.
12401, 14177
What are the prime factors of 206415877?
206415877
What are the prime factors of 357014867?
11, 47, 89, 7759
List the prime factors of 100530696.
2, 3, 7, 179, 3343
List the prime factors of 14400426.
2, 3, 97, 109, 227
List the prime factors of 279433566.
2, 3, 31, 500777
What are the prime factors of 3432905?
5, 7, 43, 2281
List the prime factors of 10784241.
3, 13, 92173
List the prime factors of 914806705.
5, 182961341
What are the prime factors of 182929430?
2, 5, 67, 273029
What are the prime factors of 549730608?
2, 3, 7, 37, 6317
What are the prime factors of 3408250414?
2, 83, 4349, 4721
List the prime factors of 412916398.
2, 19, 10866221
List the prime factors of 36655747.
1187, 30881
List the prime factors of 52071576.
2, 3, 2169649
What are the prime factors of 20984735?
5, 37, 67, 1693
What are the prime factors of 6739764522?
2, 3, 313, 1297, 2767
What are the prime factors of 379939361?
79, 4809359
List the prime factors of 553438577.
553438577
What are the prime factors of 52843897?
73, 709, 1021
What are the prime factors of 78946806?
2, 3, 13157801
List the prime factors of 118811966.
2, 7, 13, 179, 521
What are the prime factors of 350163909?
3, 17, 67, 34159
What are the prime factors of 3430105006?
2, 1715052503
What are the prime factors of 8171630?
2, 5, 817163
List the prime factors of 1950962526.
2, 3, 2347, 46181
List the prime factors of 153522740.
2, 5, 7, 389, 2819
List the prime factors of 606471735.
3, 5, 19, 2127971
What are the prime factors of 494046559?
181, 2729539
List the prime factors of 65938847.
13, 37, 137087
List the prime factors of 139509038.
2, 17, 53, 77419
What are the prime factors of 3713300839?
3713300839
List the prime factors of 499030373.
1693, 294761
List the prime factors of 29044939.
7, 11, 19, 19853
List the prime factors of 101519542.
2, 50759771
What are the prime factors of 15906942?
2, 3, 149, 659
What are the prime factors of 1006779439?
13931, 72269
List the prime factors of 78137989.
78137989
What are the prime factors of 13460770?
2, 5, 17, 79181
What are the prime factors of 369767509?
369767509
List the prime factors of 5310689422.
2, 31, 571, 150011
What are the prime factors of 877513447?
41, 271, 78977
What are the prime factors of 615592888?
2, 76949111
What are the prime factors of 110890965?
3, 5, 1873, 3947
List the prime factors of 2493736069.
11, 17, 31, 39107
What are the prime factors of 43872953?
103, 193, 2207
List the prime factors of 725131